CRAN Package Check Results for Package HistData

Last updated on 2021-08-04 13:53:00 CEST.

Flavor Version Tinstall Tcheck Ttotal Status Flags
r-devel-linux-x86_64-debian-clang 0.8-7 2.67 51.41 54.08 OK
r-devel-linux-x86_64-debian-gcc 0.8-7 2.15 39.11 41.26 OK
r-devel-linux-x86_64-fedora-clang 0.8-7 71.01 NOTE
r-devel-linux-x86_64-fedora-gcc 0.8-7 60.90 OK
r-devel-windows-x86_64 0.8-7 5.00 86.00 91.00 OK
r-devel-windows-x86_64-gcc10-UCRT 0.8-7 OK
r-patched-linux-x86_64 0.8-7 4.25 48.79 53.04 OK
r-patched-solaris-x86 0.8-7 86.30 OK
r-release-linux-x86_64 0.8-7 2.48 49.96 52.44 OK
r-release-macos-arm64 0.8-7 OK
r-release-macos-x86_64 0.8-7 OK
r-release-windows-ix86+x86_64 0.8-7 7.00 78.00 85.00 OK
r-oldrel-macos-x86_64 0.8-7 OK
r-oldrel-windows-ix86+x86_64 0.8-7 6.00 78.00 84.00 OK

Check Details

Version: 0.8-7
Check: Rd cross-references
Result: NOTE
    Undeclared packages ‘Guerry’, ‘alr4’, ‘agridat’, ‘coin’ in Rd xrefs
Flavor: r-devel-linux-x86_64-fedora-clang