CRAN Package Check Results for Package ICED

Last updated on 2024-07-21 04:53:23 CEST.

Flavor Version Tinstall Tcheck Ttotal Status Flags
r-devel-linux-x86_64-debian-clang 0.0.1 5.46 53.12 58.58 OK
r-devel-linux-x86_64-debian-gcc 0.0.1 3.19 39.86 43.05 OK
r-devel-linux-x86_64-fedora-clang 0.0.1 74.86 NOTE
r-devel-linux-x86_64-fedora-gcc 0.0.1 79.83 NOTE
r-devel-windows-x86_64 0.0.1 6.00 60.00 66.00 OK
r-patched-linux-x86_64 0.0.1 5.09 49.34 54.43 OK
r-release-linux-x86_64 0.0.1 5.31 49.90 55.21 OK
r-release-macos-arm64 0.0.1 27.00 OK
r-release-macos-x86_64 0.0.1 46.00 OK
r-release-windows-x86_64 0.0.1 5.00 59.00 64.00 OK
r-oldrel-macos-arm64 0.0.1 30.00 OK
r-oldrel-macos-x86_64 0.0.1 42.00 OK
r-oldrel-windows-x86_64 0.0.1 6.00 67.00 73.00 OK

Check Details

Version: 0.0.1
Check: dependencies in R code
Result: NOTE Namespace in Imports field not imported from: ‘knitr’ All declared Imports should be used. Flavors: r-devel-linux-x86_64-fedora-clang, r-devel-linux-x86_64-fedora-gcc