CRAN Package Check Results for Package IDE

Last updated on 2021-09-22 13:52:46 CEST.

Flavor Version Tinstall Tcheck Ttotal Status Flags
r-devel-linux-x86_64-debian-clang 0.3.0 16.67 178.53 195.20 NOTE
r-devel-linux-x86_64-debian-gcc 0.3.0 12.81 130.89 143.70 NOTE
r-devel-linux-x86_64-fedora-clang 0.3.0 242.71 NOTE
r-devel-linux-x86_64-fedora-gcc 0.3.0 232.18 NOTE
r-devel-windows-x86_64 0.3.0 23.00 154.00 177.00 NOTE
r-devel-windows-x86_64-gcc10-UCRT 0.3.0 ERROR
r-patched-linux-x86_64 0.3.0 14.39 165.35 179.74 NOTE
r-patched-solaris-x86 0.3.0 350.50 NOTE
r-release-linux-x86_64 0.3.0 15.04 166.32 181.36 NOTE
r-release-macos-arm64 0.3.0 NOTE
r-release-macos-x86_64 0.3.0 NOTE
r-release-windows-ix86+x86_64 0.3.0 41.00 210.00 251.00 NOTE
r-oldrel-macos-x86_64 0.3.0 OK
r-oldrel-windows-ix86+x86_64 0.3.0 28.00 162.00 190.00 OK

Check Details

Version: 0.3.0
Check: LazyData
Result: NOTE
     'LazyData' is specified without a 'data' directory
Flavors: r-devel-linux-x86_64-debian-clang, r-devel-linux-x86_64-debian-gcc, r-devel-linux-x86_64-fedora-clang, r-devel-linux-x86_64-fedora-gcc, r-devel-windows-x86_64, r-patched-linux-x86_64, r-patched-solaris-x86, r-release-linux-x86_64, r-release-macos-arm64, r-release-macos-x86_64, r-release-windows-ix86+x86_64

Version: 0.3.0
Check: package dependencies
Result: ERROR
    Package required but not available: 'FRK'
    
    See section 'The DESCRIPTION file' in the 'Writing R Extensions'
    manual.
Flavor: r-devel-windows-x86_64-gcc10-UCRT