CRAN Package Check Results for Package INTRIGUE

Last updated on 2024-07-24 10:34:03 CEST.

Flavor Version Tinstall Tcheck Ttotal Status Flags
r-devel-linux-x86_64-debian-clang 0.1.0 2.75 34.99 37.74 OK
r-devel-linux-x86_64-debian-gcc 0.1.0 2.47 25.51 27.98 OK
r-devel-linux-x86_64-fedora-clang 0.1.0 48.89 NOTE
r-devel-linux-x86_64-fedora-gcc 0.1.0 44.63 NOTE
r-devel-windows-x86_64 0.1.0 5.00 47.00 52.00 OK
r-patched-linux-x86_64 0.1.0 3.35 33.18 36.53 OK
r-release-linux-x86_64 0.1.0 2.47 33.04 35.51 OK
r-release-macos-arm64 0.1.0 18.00 OK
r-release-macos-x86_64 0.1.0 28.00 OK
r-release-windows-x86_64 0.1.0 4.00 47.00 51.00 OK
r-oldrel-macos-arm64 0.1.0 20.00 OK
r-oldrel-macos-x86_64 0.1.0 24.00 OK
r-oldrel-windows-x86_64 0.1.0 6.00 49.00 55.00 OK

Check Details

Version: 0.1.0
Check: dependencies in R code
Result: NOTE Namespace in Imports field not imported from: ‘dplyr’ All declared Imports should be used. Flavors: r-devel-linux-x86_64-fedora-clang, r-devel-linux-x86_64-fedora-gcc