CRAN Package Check Results for Package IOHexperimenter

Last updated on 2021-09-25 07:49:37 CEST.

Flavor Version Tinstall Tcheck Ttotal Status Flags
r-devel-linux-x86_64-debian-clang 0.1.4 55.43 31.55 86.98 NOTE
r-devel-linux-x86_64-debian-gcc 0.1.4 43.60 24.99 68.59 NOTE
r-devel-linux-x86_64-fedora-clang 0.1.4 134.37 NOTE
r-devel-linux-x86_64-fedora-gcc 0.1.4 116.64 NOTE
r-devel-windows-x86_64 0.1.4 64.00 49.00 113.00 NOTE
r-devel-windows-x86_64-gcc10-UCRT 0.1.4 NOTE
r-patched-linux-x86_64 0.1.4 48.68 30.73 79.41 NOTE
r-patched-solaris-x86 0.1.4 107.30 NOTE
r-release-linux-x86_64 0.1.4 47.09 30.94 78.03 NOTE
r-release-macos-arm64 0.1.4 NOTE
r-release-macos-x86_64 0.1.4 NOTE
r-release-windows-ix86+x86_64 0.1.4 155.00 79.00 234.00 NOTE
r-oldrel-macos-x86_64 0.1.4 NOTE
r-oldrel-windows-ix86+x86_64 0.1.4 135.00 63.00 198.00 OK

Check Details

Version: 0.1.4
Check: LazyData
Result: NOTE
     'LazyData' is specified without a 'data' directory
Flavors: r-devel-linux-x86_64-debian-clang, r-devel-linux-x86_64-debian-gcc, r-devel-linux-x86_64-fedora-clang, r-devel-linux-x86_64-fedora-gcc, r-devel-windows-x86_64, r-devel-windows-x86_64-gcc10-UCRT, r-patched-linux-x86_64, r-patched-solaris-x86, r-release-linux-x86_64, r-release-macos-arm64, r-release-macos-x86_64, r-release-windows-ix86+x86_64

Version: 0.1.4
Check: installed package size
Result: NOTE
     installed size is 5.5Mb
     sub-directories of 1Mb or more:
     libs 5.3Mb
Flavors: r-devel-linux-x86_64-fedora-clang, r-release-macos-arm64, r-release-macos-x86_64, r-oldrel-macos-x86_64