CRAN Package Check Results for Package ISOpureR

Last updated on 2021-09-22 01:48:49 CEST.

Flavor Version Tinstall Tcheck Ttotal Status Flags
r-devel-linux-x86_64-debian-clang 1.1.3 28.46 55.61 84.07 OK
r-devel-linux-x86_64-debian-gcc 1.1.3 16.91 43.61 60.52 OK
r-devel-linux-x86_64-fedora-clang 1.1.3 116.01 OK
r-devel-linux-x86_64-fedora-gcc 1.1.3 99.25 OK
r-devel-windows-x86_64 1.1.3 28.00 67.00 95.00 OK
r-devel-windows-x86_64-gcc10-UCRT 1.1.3 ERROR
r-patched-linux-x86_64 1.1.3 19.87 54.27 74.14 OK
r-patched-solaris-x86 1.1.3 119.20 OK
r-release-linux-x86_64 1.1.3 21.25 54.51 75.76 OK
r-release-macos-arm64 1.1.3 OK
r-release-macos-x86_64 1.1.3 OK
r-release-windows-ix86+x86_64 1.1.3 67.00 103.00 170.00 OK
r-oldrel-macos-x86_64 1.1.3 OK
r-oldrel-windows-ix86+x86_64 1.1.3 63.00 107.00 170.00 OK

Check Details

Version: 1.1.3
Check: whether package can be installed
Result: ERROR
    Installation failed.
Flavor: r-devel-windows-x86_64-gcc10-UCRT