CRAN Package Check Results for Package IceCast

Last updated on 2021-09-26 04:50:33 CEST.

Flavor Version Tinstall Tcheck Ttotal Status Flags
r-devel-linux-x86_64-debian-clang 2.1.0 45.36 564.83 610.19 OK
r-devel-linux-x86_64-debian-gcc 2.1.0 34.99 387.81 422.80 OK
r-devel-linux-x86_64-fedora-clang 2.1.0 749.70 NOTE
r-devel-linux-x86_64-fedora-gcc 2.1.0 724.81 NOTE
r-devel-windows-x86_64 2.1.0 49.00 477.00 526.00 OK
r-devel-windows-x86_64-gcc10-UCRT 2.1.0 NOTE
r-patched-linux-x86_64 2.1.0 42.93 526.87 569.80 OK
r-patched-solaris-x86 2.1.0 257.30 NOTE
r-release-linux-x86_64 2.1.0 41.34 520.86 562.20 OK
r-release-macos-arm64 2.1.0 NOTE
r-release-macos-x86_64 2.1.0 NOTE
r-release-windows-ix86+x86_64 2.1.0 121.00 738.00 859.00 OK
r-oldrel-macos-x86_64 2.1.0 NOTE
r-oldrel-windows-ix86+x86_64 2.1.0 86.00 541.00 627.00 OK

Check Details

Version: 2.1.0
Check: dependencies in R code
Result: NOTE
    Namespace in Imports field not imported from: ‘coda’
     All declared Imports should be used.
Flavors: r-devel-linux-x86_64-fedora-clang, r-devel-linux-x86_64-fedora-gcc, r-devel-windows-x86_64-gcc10-UCRT, r-patched-solaris-x86, r-release-macos-arm64, r-release-macos-x86_64, r-oldrel-macos-x86_64

Version: 2.1.0
Check: installed package size
Result: NOTE
     installed size is 5.1Mb
     sub-directories of 1Mb or more:
     libs 2.9Mb
Flavor: r-release-macos-arm64