CRAN Package Check Results for Package IsoriX

Last updated on 2021-10-21 16:49:47 CEST.

Flavor Version Tinstall Tcheck Ttotal Status Flags
r-devel-linux-x86_64-debian-clang 0.8.2 27.00 390.78 417.78 OK
r-devel-linux-x86_64-debian-gcc 0.8.2 23.74 301.08 324.82 OK
r-devel-linux-x86_64-fedora-clang 0.8.2 512.16 OK
r-devel-linux-x86_64-fedora-gcc 0.8.2 553.94 OK
r-devel-windows-x86_64 0.8.2 47.00 451.00 498.00 OK
r-devel-windows-x86_64-gcc10-UCRT 0.8.2 OK
r-patched-linux-x86_64 0.8.2 30.25 384.97 415.22 OK
r-patched-solaris-x86 0.8.2 659.60 OK
r-release-linux-x86_64 0.8.2 32.95 387.19 420.14 OK
r-release-macos-arm64 0.8.2 OK
r-release-macos-x86_64 0.8.2 OK
r-release-windows-ix86+x86_64 0.8.2 43.00 441.00 484.00 OK
r-oldrel-macos-x86_64 0.8.2 OK
r-oldrel-windows-ix86+x86_64 0.8.2 73.00 435.00 508.00 ERROR

Check Details

Version: 0.8.2
Check: tests
Result: ERROR
     Running 'testthat.R' [119s]
    Running the tests in 'tests/testthat.R' failed.
    Complete output:
     > library(testthat)
     > library(IsoriX)
    
     IsoriX version 0.8.2 is now loaded!
    
     Type:
    
     * ?IsoriX
     for a very short description
    
     * help(package = 'IsoriX', help_type = 'html')
     for a list of the package objects and their help files
    
     * browseURL('https://bookdown.org/content/782/')
     for online tutorials & documentation
    
     * citation('IsoriX')
     for information on how to cite IsoriX (i.e. the papers you should read)
    
     * news(package = 'IsoriX')
     for info on what has changed between the different versions of IsoriX
    
     There were 50 or more warnings (use warnings() to see the first 50)
     >
     > test_check("IsoriX")
     == Failed tests ================================================================
     -- Failure (test_na_handling.R:22:3): plot.ISOSCAPE() can handle NA ------------
     `plot(GermanScape)` threw an error.
     Message: unable to find an inherited method for function 'xmin' for signature '"Extent"'
     Class: simpleError/error/condition
     Backtrace:
     x
     1. +-testthat::expect_error(plot(GermanScape), regexp = NA) test_na_handling.R:22:2
     2. | \-testthat:::quasi_capture(...)
     3. | +-testthat:::.capture(...)
     4. | | \-base::withCallingHandlers(...)
     5. | \-rlang::eval_bare(quo_get_expr(.quo), quo_get_env(.quo))
     6. +-base::plot(GermanScape)
     7. \-IsoriX:::plot.ISOSCAPE(GermanScape)
     8. +-rasterVis::levelplot(...)
     9. \-rasterVis::levelplot(...)
     10. \-rasterVis:::.local(x, data = data, ...)
     11. \-rasterVis:::.levelplot(...)
     12. \-terra::xmin(bb)
     13. \-(function (classes, fdef, mtable) ...
     -- Failure (test_na_handling.R:48:3): plot.ISOFIND() can handle NA -------------
     `plot(AssignmentDry, who = 2)` threw an error.
     Message: unable to find an inherited method for function 'xmin' for signature '"Extent"'
     Class: simpleError/error/condition
     Backtrace:
     x
     1. +-testthat::expect_error(plot(AssignmentDry, who = 2), regexp = NA) test_na_handling.R:48:2
     2. | \-testthat:::quasi_capture(...)
     3. | +-testthat:::.capture(...)
     4. | | \-base::withCallingHandlers(...)
     5. | \-rlang::eval_bare(quo_get_expr(.quo), quo_get_env(.quo))
     6. +-base::plot(AssignmentDry, who = 2)
     7. \-IsoriX:::plot.ISOFIND(AssignmentDry, who = 2)
     8. +-rasterVis::levelplot(...)
     9. \-rasterVis::levelplot(...)
     10. \-rasterVis:::.local(x, data = data, ...)
     11. \-rasterVis:::.levelplot(...)
     12. \-terra::xmin(bb)
     13. \-(function (classes, fdef, mtable) ...
     -- Failure (test_na_handling.R:49:3): plot.ISOFIND() can handle NA -------------
     `plot(AssignmentDry, who = "group")` threw an error.
     Message: unable to find an inherited method for function 'xmin' for signature '"Extent"'
     Class: simpleError/error/condition
     Backtrace:
     x
     1. +-testthat::expect_error(plot(AssignmentDry, who = "group"), regexp = NA) test_na_handling.R:49:2
     2. | \-testthat:::quasi_capture(...)
     3. | +-testthat:::.capture(...)
     4. | | \-base::withCallingHandlers(...)
     5. | \-rlang::eval_bare(quo_get_expr(.quo), quo_get_env(.quo))
     6. +-base::plot(AssignmentDry, who = "group")
     7. \-IsoriX:::plot.ISOFIND(AssignmentDry, who = "group")
     8. +-rasterVis::levelplot(...)
     9. \-rasterVis::levelplot(...)
     10. \-rasterVis:::.local(x, data = data, ...)
     11. \-rasterVis:::.levelplot(...)
     12. \-terra::xmin(bb)
     13. \-(function (classes, fdef, mtable) ...
    
     [ FAIL 3 | WARN 2 | SKIP 0 | PASS 20 ]
     Error: Test failures
     Execution halted
Flavor: r-oldrel-windows-ix86+x86_64