CRAN Package Check Results for Package JMI

Last updated on 2025-01-14 03:49:27 CET.

Flavor Version Tinstall Tcheck Ttotal Status Flags
r-devel-linux-x86_64-debian-clang 0.1.0 23.14 20.95 44.09 OK
r-devel-linux-x86_64-debian-gcc 0.1.0 14.19 17.24 31.43 OK
r-devel-linux-x86_64-fedora-clang 0.1.0 82.48 OK
r-devel-linux-x86_64-fedora-gcc 0.1.0 78.53 OK
r-devel-windows-x86_64 0.1.0 23.00 62.00 85.00 OK
r-patched-linux-x86_64 0.1.0 20.83 20.12 40.95 NOTE
r-release-linux-x86_64 0.1.0 21.26 20.17 41.43 NOTE
r-release-macos-arm64 0.1.0 23.00 NOTE
r-release-macos-x86_64 0.1.0 41.00 NOTE
r-release-windows-x86_64 0.1.0 23.00 59.00 82.00 NOTE
r-oldrel-macos-arm64 0.1.0 27.00 NOTE
r-oldrel-macos-x86_64 0.1.0 40.00 NOTE
r-oldrel-windows-x86_64 0.1.0 28.00 67.00 95.00 NOTE

Check Details

Version: 0.1.0
Check: LazyData
Result: NOTE 'LazyData' is specified without a 'data' directory Flavors: r-patched-linux-x86_64, r-release-linux-x86_64, r-release-macos-arm64, r-release-macos-x86_64, r-release-windows-x86_64, r-oldrel-macos-arm64, r-oldrel-macos-x86_64, r-oldrel-windows-x86_64