CRAN Package Check Results for Package JMI

Last updated on 2024-06-24 22:57:15 CEST.

Flavor Version Tinstall Tcheck Ttotal Status Flags
r-devel-linux-x86_64-debian-clang 0.1.0 38.93 26.58 65.51 NOTE
r-devel-linux-x86_64-debian-gcc 0.1.0 25.22 21.29 46.51 NOTE
r-devel-linux-x86_64-fedora-clang 0.1.0 91.34 NOTE
r-devel-linux-x86_64-fedora-gcc 0.1.0 90.27 NOTE
r-devel-windows-x86_64 0.1.0 30.00 60.00 90.00 NOTE
r-patched-linux-x86_64 0.1.0 29.39 26.52 55.91 NOTE
r-release-linux-x86_64 0.1.0 32.23 26.54 58.77 NOTE
r-release-macos-arm64 0.1.0 23.00 NOTE
r-release-macos-x86_64 0.1.0 41.00 NOTE
r-release-windows-x86_64 0.1.0 29.00 61.00 90.00 NOTE
r-oldrel-macos-arm64 0.1.0 27.00 NOTE
r-oldrel-macos-x86_64 0.1.0 40.00 NOTE
r-oldrel-windows-x86_64 0.1.0 36.00 70.00 106.00 NOTE

Check Details

Version: 0.1.0
Check: LazyData
Result: NOTE 'LazyData' is specified without a 'data' directory Flavors: r-devel-linux-x86_64-debian-clang, r-devel-linux-x86_64-debian-gcc, r-devel-linux-x86_64-fedora-clang, r-devel-linux-x86_64-fedora-gcc, r-devel-windows-x86_64, r-patched-linux-x86_64, r-release-linux-x86_64, r-release-macos-arm64, r-release-macos-x86_64, r-release-windows-x86_64, r-oldrel-macos-arm64, r-oldrel-macos-x86_64, r-oldrel-windows-x86_64