CRAN Package Check Results for Package JOUSBoost

Last updated on 2021-09-25 04:57:39 CEST.

Flavor Version Tinstall Tcheck Ttotal Status Flags
r-devel-linux-x86_64-debian-clang 2.1.0 19.95 62.48 82.43 OK
r-devel-linux-x86_64-debian-gcc 2.1.0 12.83 50.15 62.98 OK
r-devel-linux-x86_64-fedora-clang 2.1.0 116.26 NOTE
r-devel-linux-x86_64-fedora-gcc 2.1.0 101.00 NOTE
r-devel-windows-x86_64 2.1.0 18.00 79.00 97.00 OK
r-devel-windows-x86_64-gcc10-UCRT 2.1.0 NOTE
r-patched-linux-x86_64 2.1.0 14.90 60.98 75.88 OK
r-patched-solaris-x86 2.1.0 125.40 NOTE
r-release-linux-x86_64 2.1.0 17.23 60.99 78.22 OK
r-release-macos-arm64 2.1.0 NOTE
r-release-macos-x86_64 2.1.0 NOTE
r-release-windows-ix86+x86_64 2.1.0 47.00 110.00 157.00 OK
r-oldrel-macos-x86_64 2.1.0 NOTE
r-oldrel-windows-ix86+x86_64 2.1.0 30.00 92.00 122.00 OK

Check Details

Version: 2.1.0
Check: dependencies in R code
Result: NOTE
    Namespace in Imports field not imported from: ‘doParallel’
     All declared Imports should be used.
Flavors: r-devel-linux-x86_64-fedora-clang, r-devel-linux-x86_64-fedora-gcc, r-devel-windows-x86_64-gcc10-UCRT, r-patched-solaris-x86, r-release-macos-arm64, r-release-macos-x86_64, r-oldrel-macos-x86_64