CRAN Package Check Results for Package KSgeneral

Last updated on 2021-09-27 19:50:22 CEST.

Flavor Version Tinstall Tcheck Ttotal Status Flags
r-devel-linux-x86_64-debian-clang 1.0.0 39.66 37.05 76.71 WARN
r-devel-linux-x86_64-debian-gcc 1.0.0 24.67 28.78 53.45 WARN
r-devel-linux-x86_64-fedora-clang 1.0.0 128.06 OK
r-devel-linux-x86_64-fedora-gcc 1.0.0 94.12 OK
r-devel-windows-x86_64 1.0.0 36.00 53.00 89.00 OK
r-devel-windows-x86_64-gcc10-UCRT 1.0.0 OK
r-patched-linux-x86_64 1.0.0 30.60 36.12 66.72 WARN
r-patched-solaris-x86 1.0.0 96.60 OK
r-release-linux-x86_64 1.0.0 29.68 36.54 66.22 WARN
r-release-macos-arm64 1.0.0 OK
r-release-macos-x86_64 1.0.0 OK
r-release-windows-ix86+x86_64 1.0.0 91.00 83.00 174.00 OK
r-oldrel-macos-x86_64 1.0.0 OK
r-oldrel-windows-ix86+x86_64 1.0.0 71.00 73.00 144.00 OK

Check Details

Version: 1.0.0
Check: top-level files
Result: WARN
     Output from running autoreconf:
     configure.ac:214: warning: AC_OUTPUT should be used without arguments.
     configure.ac:214: You should run autoupdate.
Flavors: r-devel-linux-x86_64-debian-clang, r-devel-linux-x86_64-debian-gcc, r-patched-linux-x86_64, r-release-linux-x86_64