CRAN Package Check Results for Package KappaGUI

Last updated on 2021-09-23 07:49:42 CEST.

Flavor Version Tinstall Tcheck Ttotal Status Flags
r-devel-linux-x86_64-debian-clang 2.0.2 2.93 32.86 35.79 OK
r-devel-linux-x86_64-debian-gcc 2.0.2 2.79 26.02 28.81 OK
r-devel-linux-x86_64-fedora-clang 2.0.2 52.07 OK
r-devel-linux-x86_64-fedora-gcc 2.0.2 42.32 OK
r-devel-windows-x86_64 2.0.2 5.00 44.00 49.00 OK
r-devel-windows-x86_64-gcc10-UCRT 2.0.2 ERROR
r-patched-linux-x86_64 2.0.2 3.00 31.57 34.57 OK
r-patched-solaris-x86 2.0.2 65.60 OK
r-release-linux-x86_64 2.0.2 3.15 31.90 35.05 OK
r-release-macos-arm64 2.0.2 OK
r-release-macos-x86_64 2.0.2 OK
r-release-windows-ix86+x86_64 2.0.2 10.00 54.00 64.00 OK
r-oldrel-macos-x86_64 2.0.2 OK
r-oldrel-windows-ix86+x86_64 2.0.2 8.00 43.00 51.00 OK

Check Details

Version: 2.0.2
Check: PDF version of manual
Result: WARN
    LaTeX errors when creating PDF version.
    This typically indicates Rd problems.
Flavor: r-devel-windows-x86_64-gcc10-UCRT

Version: 2.0.2
Check: PDF version of manual without hyperrefs or index
Result: ERROR
    Re-running with no redirection of stdout/stderr.
Flavor: r-devel-windows-x86_64-gcc10-UCRT