CRAN Package Check Results for Package KappaV

Last updated on 2021-10-28 13:58:14 CEST.

Flavor Version Tinstall Tcheck Ttotal Status Flags
r-devel-linux-x86_64-debian-clang 0.3 4.00 38.58 42.58 NOTE
r-devel-linux-x86_64-debian-gcc 0.3 3.50 31.50 35.00 NOTE
r-devel-linux-x86_64-fedora-clang 0.3 62.44 NOTE
r-devel-linux-x86_64-fedora-gcc 0.3 54.21 NOTE
r-devel-windows-x86_64 0.3 17.00 92.00 109.00 NOTE
r-devel-windows-x86_64-gcc10-UCRT 0.3 NOTE
r-patched-linux-x86_64 0.3 4.89 37.33 42.22 NOTE
r-patched-solaris-x86 0.3 91.20 NOTE
r-release-linux-x86_64 0.3 4.05 37.94 41.99 NOTE
r-release-macos-arm64 0.3 NOTE
r-release-macos-x86_64 0.3 NOTE
r-release-windows-ix86+x86_64 0.3 14.00 104.00 118.00 NOTE
r-oldrel-macos-x86_64 0.3 NOTE
r-oldrel-windows-ix86+x86_64 0.3 14.00 103.00 117.00 NOTE

Check Details

Version: 0.3
Check: DESCRIPTION meta-information
Result: NOTE
    Malformed Title field: should not end in a period.
Flavors: r-devel-linux-x86_64-debian-clang, r-devel-linux-x86_64-debian-gcc, r-devel-linux-x86_64-fedora-clang, r-devel-linux-x86_64-fedora-gcc, r-devel-windows-x86_64, r-devel-windows-x86_64-gcc10-UCRT, r-patched-linux-x86_64, r-patched-solaris-x86, r-release-linux-x86_64, r-release-macos-arm64, r-release-macos-x86_64, r-release-windows-ix86+x86_64, r-oldrel-macos-x86_64, r-oldrel-windows-ix86+x86_64

Version: 0.3
Check: R code for possible problems
Result: NOTE
    KappaV: no visible global function definition for 'over'
    KappaV: no visible global function definition for 'layout'
    KappaV: no visible global function definition for 'terrain.colors'
    KappaV: no visible global function definition for 'as'
    Undefined global functions or variables:
     as layout over terrain.colors
    Consider adding
     importFrom("grDevices", "terrain.colors")
     importFrom("graphics", "layout")
     importFrom("methods", "as")
    to your NAMESPACE file (and ensure that your DESCRIPTION Imports field
    contains 'methods').
Flavors: r-devel-linux-x86_64-debian-clang, r-devel-linux-x86_64-debian-gcc, r-devel-linux-x86_64-fedora-clang, r-devel-linux-x86_64-fedora-gcc, r-devel-windows-x86_64, r-devel-windows-x86_64-gcc10-UCRT, r-patched-linux-x86_64, r-patched-solaris-x86, r-release-linux-x86_64, r-release-macos-arm64, r-release-macos-x86_64, r-release-windows-ix86+x86_64, r-oldrel-macos-x86_64, r-oldrel-windows-ix86+x86_64