CRAN Package Check Results for Package KenSyn

Last updated on 2021-10-19 10:50:56 CEST.

Flavor Version Tinstall Tcheck Ttotal Status Flags
r-devel-linux-x86_64-debian-clang 0.3 2.18 20.37 22.55 OK
r-devel-linux-x86_64-debian-gcc 0.3 1.84 15.76 17.60 OK
r-devel-linux-x86_64-fedora-clang 0.3 38.46 NOTE
r-devel-linux-x86_64-fedora-gcc 0.3 27.05 NOTE
r-devel-windows-x86_64 0.3 6.00 39.00 45.00 OK
r-devel-windows-x86_64-gcc10-UCRT 0.3 NOTE
r-patched-linux-x86_64 0.3 2.36 19.16 21.52 OK
r-patched-solaris-x86 0.3 42.60 NOTE
r-release-linux-x86_64 0.3 2.01 19.89 21.90 OK
r-release-macos-arm64 0.3 NOTE
r-release-macos-x86_64 0.3 NOTE
r-release-windows-ix86+x86_64 0.3 5.00 37.00 42.00 OK
r-oldrel-macos-x86_64 0.3 NOTE
r-oldrel-windows-ix86+x86_64 0.3 5.00 37.00 42.00 OK

Check Details

Version: 0.3
Check: dependencies in R code
Result: NOTE
    Namespaces in Imports field not imported from:
     ‘lme4’ ‘metafor’ ‘nlme’
     All declared Imports should be used.
Flavors: r-devel-linux-x86_64-fedora-clang, r-devel-linux-x86_64-fedora-gcc, r-devel-windows-x86_64-gcc10-UCRT, r-patched-solaris-x86, r-release-macos-arm64, r-release-macos-x86_64, r-oldrel-macos-x86_64