Last updated on 2023-09-27 22:08:06 CEST.
Flavor | Version | Tinstall | Tcheck | Ttotal | Status | Flags |
---|---|---|---|---|---|---|
r-devel-linux-x86_64-debian-clang | 2.23-22 | 5.18 | 29.31 | 34.49 | OK | |
r-devel-linux-x86_64-debian-gcc | 2.23-22 | 3.87 | 22.34 | 26.21 | OK | |
r-devel-linux-x86_64-fedora-clang | 2.23-22 | 44.63 | OK | |||
r-devel-linux-x86_64-fedora-gcc | 2.23-22 | 43.68 | OK | |||
r-devel-windows-x86_64 | 2.23-22 | 10.00 | 47.00 | 57.00 | OK | |
r-patched-linux-x86_64 | 2.23-22 | 5.76 | 28.59 | 34.35 | OK | |
r-release-linux-x86_64 | 2.23-22 | 5.98 | 28.48 | 34.46 | WARN | |
r-release-macos-arm64 | 2.23-22 | 32.00 | WARN | |||
r-release-macos-x86_64 | 2.23-22 | 46.00 | WARN | |||
r-release-windows-x86_64 | 2.23-22 | 10.00 | 49.00 | 59.00 | WARN | |
r-oldrel-macos-arm64 | 2.23-22 | 35.00 | WARN | |||
r-oldrel-macos-x86_64 | 2.23-22 | 53.00 | WARN | |||
r-oldrel-windows-x86_64 | 2.23-22 | 12.00 | 50.00 | 62.00 | WARN |
Version: 2.23-22
Check: for portable use of $(BLAS_LIBS) and $(LAPACK_LIBS)
Result: WARN
apparently using $(BLAS_LIBS) without following $(FLIBS) in ‘src/Makevars’
Flavors: r-release-linux-x86_64, r-release-macos-arm64, r-release-macos-x86_64, r-release-windows-x86_64, r-oldrel-macos-arm64, r-oldrel-macos-x86_64, r-oldrel-windows-x86_64