CRAN Package Check Results for Package KeyboardSimulator

Last updated on 2021-09-20 22:55:31 CEST.

Flavor Version Tinstall Tcheck Ttotal Status Flags
r-devel-windows-x86_64 2.6.0 152.00 43.00 195.00 OK
r-devel-windows-x86_64-gcc10-UCRT 2.6.0 ERROR
r-release-macos-arm64 2.6.0 OK
r-release-windows-ix86+x86_64 2.6.0 328.00 69.00 397.00 OK
r-oldrel-windows-ix86+x86_64 2.6.0 314.00 52.00 366.00 OK

Check Details

Version: 2.6.0
Check: whether package can be installed
Result: ERROR
    Installation failed.
Flavor: r-devel-windows-x86_64-gcc10-UCRT