CRAN Package Check Results for Package Knoema

Last updated on 2021-09-26 22:48:36 CEST.

Flavor Version Tinstall Tcheck Ttotal Status Flags
r-devel-linux-x86_64-debian-clang 0.1.16 5.19 45.50 50.69 NOTE
r-devel-linux-x86_64-debian-gcc 0.1.16 4.45 35.10 39.55 NOTE
r-devel-linux-x86_64-fedora-clang 0.1.16 72.81 NOTE
r-devel-linux-x86_64-fedora-gcc 0.1.16 59.60 NOTE
r-devel-windows-x86_64 0.1.16 7.00 55.00 62.00 NOTE
r-devel-windows-x86_64-gcc10-UCRT 0.1.16 NOTE
r-patched-linux-x86_64 0.1.16 5.62 43.69 49.31 NOTE
r-patched-solaris-x86 0.1.16 84.40 NOTE
r-release-linux-x86_64 0.1.16 5.15 44.49 49.64 NOTE
r-release-macos-arm64 0.1.16 NOTE
r-release-macos-x86_64 0.1.16 NOTE
r-release-windows-ix86+x86_64 0.1.16 12.00 71.00 83.00 NOTE
r-oldrel-macos-x86_64 0.1.16 OK
r-oldrel-windows-ix86+x86_64 0.1.16 10.00 57.00 67.00 OK

Check Details

Version: 0.1.16
Check: LazyData
Result: NOTE
     'LazyData' is specified without a 'data' directory
Flavors: r-devel-linux-x86_64-debian-clang, r-devel-linux-x86_64-debian-gcc, r-devel-linux-x86_64-fedora-clang, r-devel-linux-x86_64-fedora-gcc, r-devel-windows-x86_64, r-devel-windows-x86_64-gcc10-UCRT, r-patched-linux-x86_64, r-patched-solaris-x86, r-release-linux-x86_64, r-release-macos-arm64, r-release-macos-x86_64, r-release-windows-ix86+x86_64