CRAN Package Check Results for Package LDNN

Last updated on 2024-07-22 16:57:17 CEST.

Flavor Version Tinstall Tcheck Ttotal Status Flags
r-devel-linux-x86_64-debian-clang 1.10 7.43 85.71 93.14 NOTE
r-devel-linux-x86_64-debian-gcc 1.10 7.43 62.78 70.21 NOTE
r-devel-linux-x86_64-fedora-clang 1.10 115.83 NOTE
r-devel-linux-x86_64-fedora-gcc 1.10 121.55 NOTE
r-devel-windows-x86_64 1.10 9.00 77.00 86.00 NOTE
r-patched-linux-x86_64 1.10 5.92 78.09 84.01 NOTE
r-release-linux-x86_64 1.10 5.67 79.35 85.02 NOTE
r-release-macos-arm64 1.10 41.00 NOTE
r-release-macos-x86_64 1.10 62.00 NOTE
r-release-windows-x86_64 1.10 8.00 79.00 87.00 NOTE
r-oldrel-macos-arm64 1.10 44.00 NOTE
r-oldrel-macos-x86_64 1.10 79.00 NOTE
r-oldrel-windows-x86_64 1.10 10.00 90.00 100.00 NOTE

Check Details

Version: 1.10
Check: LazyData
Result: NOTE 'LazyData' is specified without a 'data' directory Flavors: r-devel-linux-x86_64-debian-clang, r-devel-linux-x86_64-debian-gcc, r-devel-linux-x86_64-fedora-clang, r-devel-linux-x86_64-fedora-gcc, r-devel-windows-x86_64, r-patched-linux-x86_64, r-release-linux-x86_64, r-release-macos-arm64, r-release-macos-x86_64, r-release-windows-x86_64, r-oldrel-macos-arm64, r-oldrel-macos-x86_64, r-oldrel-windows-x86_64

Version: 1.10
Check: dependencies in R code
Result: NOTE Namespaces in Imports field not imported from: ‘devtools’ ‘reticulate’ ‘tensorflow’ All declared Imports should be used. Flavors: r-devel-linux-x86_64-fedora-clang, r-devel-linux-x86_64-fedora-gcc