CRAN Package Check Results for Package LDlinkR

Last updated on 2021-10-28 13:58:14 CEST.

Flavor Version Tinstall Tcheck Ttotal Status Flags
r-devel-linux-x86_64-debian-clang 1.1.2 3.13 29.45 32.58 NOTE
r-devel-linux-x86_64-debian-gcc 1.1.2 2.69 23.53 26.22 NOTE
r-devel-linux-x86_64-fedora-clang 1.1.2 50.57 NOTE
r-devel-linux-x86_64-fedora-gcc 1.1.2 41.49 NOTE
r-devel-windows-x86_64 1.1.2 6.00 51.00 57.00 NOTE
r-devel-windows-x86_64-gcc10-UCRT 1.1.2 NOTE
r-patched-linux-x86_64 1.1.2 2.89 28.81 31.70 NOTE
r-patched-solaris-x86 1.1.2 57.00 NOTE
r-release-linux-x86_64 1.1.2 2.91 28.82 31.73 NOTE
r-release-macos-arm64 1.1.2 NOTE
r-release-macos-x86_64 1.1.2 NOTE
r-release-windows-ix86+x86_64 1.1.2 6.00 48.00 54.00 NOTE
r-oldrel-macos-x86_64 1.1.2 OK
r-oldrel-windows-ix86+x86_64 1.1.2 5.00 51.00 56.00 OK

Check Details

Version: 1.1.2
Check: LazyData
Result: NOTE
     'LazyData' is specified without a 'data' directory
Flavors: r-devel-linux-x86_64-debian-clang, r-devel-linux-x86_64-debian-gcc, r-devel-linux-x86_64-fedora-clang, r-devel-linux-x86_64-fedora-gcc, r-devel-windows-x86_64, r-devel-windows-x86_64-gcc10-UCRT, r-patched-linux-x86_64, r-patched-solaris-x86, r-release-linux-x86_64, r-release-macos-arm64, r-release-macos-x86_64, r-release-windows-ix86+x86_64