CRAN Package Check Results for Package LMMstar

Last updated on 2024-02-27 09:53:59 CET.

Flavor Version Tinstall Tcheck Ttotal Status Flags
r-devel-linux-x86_64-debian-clang 1.0.1 37.81 462.97 500.78 OK
r-devel-linux-x86_64-debian-gcc 1.0.1 34.58 345.51 380.09 OK
r-devel-linux-x86_64-fedora-clang 1.0.1 656.66 NOTE
r-devel-linux-x86_64-fedora-gcc 1.0.1 604.62 OK
r-devel-windows-x86_64 1.0.1 35.00 317.00 352.00 NOTE
r-patched-linux-x86_64 1.0.1 42.55 454.76 497.31 OK
r-release-linux-x86_64 1.0.1 45.33 460.30 505.63 OK
r-release-macos-arm64 1.0.1 155.00 NOTE
r-release-macos-x86_64 1.0.1 331.00 NOTE
r-release-windows-x86_64 1.0.1 48.00 476.00 524.00 NOTE
r-oldrel-macos-arm64 1.0.1 141.00 NOTE
r-oldrel-windows-x86_64 1.0.1 49.00 426.00 475.00 NOTE

Check Details

Version: 1.0.1
Check: installed package size
Result: NOTE installed size is 5.2Mb sub-directories of 1Mb or more: R 1.2Mb doc-software 2.4Mb Flavors: r-devel-linux-x86_64-fedora-clang, r-devel-windows-x86_64, r-release-macos-arm64, r-release-macos-x86_64, r-release-windows-x86_64, r-oldrel-macos-arm64, r-oldrel-windows-x86_64