CRAN Package Check Results for Package LambertW

Last updated on 2021-09-20 04:58:19 CEST.

Flavor Version Tinstall Tcheck Ttotal Status Flags
r-devel-linux-x86_64-debian-clang 0.6.6 75.18 158.04 233.22 OK
r-devel-linux-x86_64-debian-gcc 0.6.6 42.85 131.88 174.73 OK
r-devel-linux-x86_64-fedora-clang 0.6.6 596.66 OK
r-devel-linux-x86_64-fedora-gcc 0.6.6 612.98 OK
r-devel-windows-x86_64 0.6.6 60.00 133.00 193.00 OK
r-devel-windows-x86_64-gcc10-UCRT 0.6.6 ERROR
r-patched-linux-x86_64 0.6.6 54.67 144.83 199.50 OK
r-patched-solaris-x86 0.6.6 984.50 OK
r-release-linux-x86_64 0.6.6 54.14 141.71 195.85 OK
r-release-macos-arm64 0.6.6 OK
r-release-macos-x86_64 0.6.6 OK
r-release-windows-ix86+x86_64 0.6.6 158.00 245.00 403.00 OK
r-oldrel-macos-x86_64 0.6.6 OK
r-oldrel-windows-ix86+x86_64 0.6.6 160.00 266.00 426.00 OK

Check Details

Version: 0.6.6
Check: whether package can be installed
Result: ERROR
    Installation failed.
Flavor: r-devel-windows-x86_64-gcc10-UCRT