CRAN Package Check Results for Package LaplacesDemon

Last updated on 2021-10-19 13:53:26 CEST.

Flavor Version Tinstall Tcheck Ttotal Status Flags
r-devel-linux-x86_64-debian-clang 16.1.6 60.11 274.21 334.32 OK
r-devel-linux-x86_64-debian-gcc 16.1.6 43.05 199.39 242.44 OK
r-devel-linux-x86_64-fedora-clang 16.1.6 406.29 OK
r-devel-linux-x86_64-fedora-gcc 16.1.6 423.52 OK
r-devel-windows-x86_64 16.1.6 72.00 314.00 386.00 OK
r-devel-windows-x86_64-gcc10-UCRT 16.1.6 OK
r-patched-linux-x86_64 16.1.6 66.17 268.54 334.71 OK
r-patched-solaris-x86 16.1.6 441.60 NOTE
r-release-linux-x86_64 16.1.6 56.52 265.65 322.17 OK
r-release-macos-arm64 16.1.6 NOTE
r-release-macos-x86_64 16.1.6 OK
r-release-windows-ix86+x86_64 16.1.6 56.00 317.00 373.00 OK
r-oldrel-macos-x86_64 16.1.6 OK
r-oldrel-windows-ix86+x86_64 16.1.6 77.00 305.00 382.00 OK

Check Details

Version: 16.1.6
Check: installed package size
Result: NOTE
     installed size is 5.3Mb
     sub-directories of 1Mb or more:
     R 1.6Mb
     doc 2.0Mb
     help 1.2Mb
Flavors: r-patched-solaris-x86, r-release-macos-arm64