CRAN Package Check Results for Package LiblineaR

Last updated on 2021-10-20 10:53:09 CEST.

Flavor Version Tinstall Tcheck Ttotal Status Flags
r-devel-linux-x86_64-debian-clang 2.10-12 6.05 39.21 45.26 OK
r-devel-linux-x86_64-debian-gcc 2.10-12 4.47 32.13 36.60 OK
r-devel-linux-x86_64-fedora-clang 2.10-12 66.69 NOTE
r-devel-linux-x86_64-fedora-gcc 2.10-12 59.95 NOTE
r-devel-windows-x86_64 2.10-12 10.00 68.00 78.00 OK
r-devel-windows-x86_64-gcc10-UCRT 2.10-12 OK
r-patched-linux-x86_64 2.10-12 5.39 41.20 46.59 OK
r-patched-solaris-x86 2.10-12 108.60 OK
r-release-linux-x86_64 2.10-12 5.25 41.22 46.47 OK
r-release-macos-arm64 2.10-12 OK
r-release-macos-x86_64 2.10-12 OK
r-release-windows-ix86+x86_64 2.10-12 14.00 88.00 102.00 OK
r-oldrel-macos-x86_64 2.10-12 OK
r-oldrel-windows-ix86+x86_64 2.10-12 17.00 85.00 102.00 OK

Check Details

Version: 2.10-12
Check: compiled code
Result: NOTE
    File ‘LiblineaR/libs/LiblineaR.so’:
     Found no calls to: ‘R_registerRoutines’, ‘R_useDynamicSymbols’
    
    It is good practice to register native routines and to disable symbol
    search.
    
    See ‘Writing portable packages’ in the ‘Writing R Extensions’ manual.
Flavors: r-devel-linux-x86_64-fedora-clang, r-devel-linux-x86_64-fedora-gcc