CRAN Package Check Results for Package LowWAFOMSobol

Last updated on 2021-09-28 01:49:28 CEST.

Flavor Version Tinstall Tcheck Ttotal Status Flags
r-devel-linux-x86_64-debian-clang 1.1.1 30.08 42.57 72.65 OK
r-devel-linux-x86_64-debian-gcc 1.1.1 20.00 33.03 53.03 OK
r-devel-linux-x86_64-fedora-clang 1.1.1 109.97 NOTE
r-devel-linux-x86_64-fedora-gcc 1.1.1 91.48 OK
r-devel-windows-x86_64 1.1.1 28.00 55.00 83.00 NOTE
r-devel-windows-x86_64-gcc10-UCRT 1.1.1 OK
r-patched-linux-x86_64 1.1.1 26.10 41.36 67.46 OK
r-patched-solaris-x86 1.1.1 114.80 OK
r-release-linux-x86_64 1.1.1 22.56 40.95 63.51 OK
r-release-macos-arm64 1.1.1 NOTE
r-release-macos-x86_64 1.1.1 NOTE
r-release-windows-ix86+x86_64 1.1.1 70.00 97.00 167.00 NOTE
r-oldrel-macos-x86_64 1.1.1 NOTE
r-oldrel-windows-ix86+x86_64 1.1.1 50.00 72.00 122.00 NOTE

Check Details

Version: 1.1.1
Check: installed package size
Result: NOTE
     installed size is 5.5Mb
     sub-directories of 1Mb or more:
     extdata 4.5Mb
Flavors: r-devel-linux-x86_64-fedora-clang, r-devel-windows-x86_64, r-release-macos-arm64, r-release-macos-x86_64, r-release-windows-ix86+x86_64, r-oldrel-macos-x86_64, r-oldrel-windows-ix86+x86_64