CRAN Package Check Results for Package MANOVA.RM

Last updated on 2021-09-23 01:49:44 CEST.

Flavor Version Tinstall Tcheck Ttotal Status Flags
r-devel-linux-x86_64-debian-clang 0.5.2 10.51 217.68 228.19 OK
r-devel-linux-x86_64-debian-gcc 0.5.2 9.88 151.69 161.57 OK
r-devel-linux-x86_64-fedora-clang 0.5.2 263.57 NOTE
r-devel-linux-x86_64-fedora-gcc 0.5.2 254.40 OK
r-devel-windows-x86_64 0.5.2 12.00 185.00 197.00 OK
r-devel-windows-x86_64-gcc10-UCRT 0.5.2 ERROR
r-patched-linux-x86_64 0.5.2 11.16 199.80 210.96 OK
r-patched-solaris-x86 0.5.2 199.10 OK
r-release-linux-x86_64 0.5.2 10.25 200.07 210.32 OK
r-release-macos-arm64 0.5.1 NOTE
r-release-macos-x86_64 0.5.2 OK
r-release-windows-ix86+x86_64 0.5.2 26.00 217.00 243.00 OK
r-oldrel-macos-x86_64 0.5.2 OK
r-oldrel-windows-ix86+x86_64 0.5.2 21.00 195.00 216.00 OK

Check Details

Version: 0.5.2
Check: Rd cross-references
Result: NOTE
    Undeclared package ‘nparLD’ in Rd xrefs
Flavor: r-devel-linux-x86_64-fedora-clang

Version: 0.5.2
Check: package dependencies
Result: NOTE
    Package suggested but not available for checking: 'RGtk2'
Flavor: r-devel-windows-x86_64-gcc10-UCRT

Version: 0.5.2
Check: PDF version of manual
Result: WARN
    LaTeX errors when creating PDF version.
    This typically indicates Rd problems.
Flavor: r-devel-windows-x86_64-gcc10-UCRT

Version: 0.5.2
Check: PDF version of manual without hyperrefs or index
Result: ERROR
    Re-running with no redirection of stdout/stderr.
Flavor: r-devel-windows-x86_64-gcc10-UCRT

Version: 0.5.1
Check: package dependencies
Result: NOTE
    Package suggested but not available for checking: ‘RGtk2’
Flavor: r-release-macos-arm64