CRAN Package Check Results for Package MAP

Last updated on 2021-10-18 19:51:41 CEST.

Flavor Version Tinstall Tcheck Ttotal Status Flags
r-devel-linux-x86_64-debian-clang 0.1.3 8.94 72.00 80.94 NOTE
r-devel-linux-x86_64-debian-gcc 0.1.3 6.31 55.81 62.12 NOTE
r-devel-linux-x86_64-fedora-clang 0.1.3 107.75 NOTE
r-devel-linux-x86_64-fedora-gcc 0.1.3 101.54 NOTE
r-devel-windows-x86_64 0.1.3 12.00 94.00 106.00 NOTE
r-devel-windows-x86_64-gcc10-UCRT 0.1.3 NOTE
r-patched-linux-x86_64 0.1.3 8.19 70.52 78.71 NOTE
r-patched-solaris-x86 0.1.3 143.60 NOTE
r-release-linux-x86_64 0.1.3 7.99 70.95 78.94 NOTE
r-release-macos-arm64 0.1.3 NOTE
r-release-macos-x86_64 0.1.3 NOTE
r-release-windows-ix86+x86_64 0.1.3 14.00 94.00 108.00 NOTE
r-oldrel-macos-x86_64 0.1.3 OK
r-oldrel-windows-ix86+x86_64 0.1.3 22.00 90.00 112.00 OK

Check Details

Version: 0.1.3
Check: LazyData
Result: NOTE
     'LazyData' is specified without a 'data' directory
Flavors: r-devel-linux-x86_64-debian-clang, r-devel-linux-x86_64-debian-gcc, r-devel-linux-x86_64-fedora-clang, r-devel-linux-x86_64-fedora-gcc, r-devel-windows-x86_64, r-devel-windows-x86_64-gcc10-UCRT, r-patched-linux-x86_64, r-patched-solaris-x86, r-release-linux-x86_64, r-release-macos-arm64, r-release-macos-x86_64, r-release-windows-ix86+x86_64