CRAN Package Check Results for Package MAd

Last updated on 2021-10-28 19:52:04 CEST.

Flavor Version Tinstall Tcheck Ttotal Status Flags
r-devel-linux-x86_64-debian-clang 0.8-2.1 6.31 50.26 56.57 NOTE
r-devel-linux-x86_64-debian-gcc 0.8-2.1 4.87 38.42 43.29 NOTE
r-devel-linux-x86_64-fedora-clang 0.8-2.1 84.47 NOTE
r-devel-linux-x86_64-fedora-gcc 0.8-2.1 70.83 NOTE
r-devel-windows-x86_64 0.8-2.1 10.00 72.00 82.00 NOTE
r-devel-windows-x86_64-gcc10-UCRT 0.8-2.1 NOTE
r-patched-linux-x86_64 0.8-2.1 6.96 47.37 54.33 NOTE
r-patched-solaris-x86 0.8-2.1 88.90 NOTE
r-release-linux-x86_64 0.8-2.1 5.91 47.72 53.63 NOTE
r-release-macos-arm64 0.8-2.1 NOTE
r-release-macos-x86_64 0.8-2.1 NOTE
r-release-windows-ix86+x86_64 0.8-2.1 8.00 70.00 78.00 NOTE
r-oldrel-macos-x86_64 0.8-2.1 NOTE
r-oldrel-windows-ix86+x86_64 0.8-2.1 9.00 70.00 79.00 NOTE

Check Details

Version: 0.8-2.1
Check: package dependencies
Result: NOTE
    Package suggested but not available for checking: 'R2wd'
Flavors: r-devel-linux-x86_64-debian-clang, r-devel-linux-x86_64-debian-gcc, r-devel-linux-x86_64-fedora-clang, r-devel-linux-x86_64-fedora-gcc, r-patched-linux-x86_64, r-patched-solaris-x86, r-release-linux-x86_64, r-release-macos-arm64, r-release-macos-x86_64, r-oldrel-macos-x86_64

Version: 0.8-2.1
Check: dependencies in R code
Result: NOTE
    'library' or 'require' calls in package code:
     'R2wd' 'ggplot2' 'metafor'
     Please use :: or requireNamespace() instead.
     See section 'Suggested packages' in the 'Writing R Extensions' manual.
Flavors: r-devel-linux-x86_64-debian-clang, r-devel-linux-x86_64-debian-gcc, r-devel-linux-x86_64-fedora-clang, r-devel-linux-x86_64-fedora-gcc, r-devel-windows-x86_64, r-devel-windows-x86_64-gcc10-UCRT, r-patched-linux-x86_64, r-patched-solaris-x86, r-release-linux-x86_64, r-release-macos-arm64, r-release-macos-x86_64, r-release-windows-ix86+x86_64, r-oldrel-macos-x86_64, r-oldrel-windows-ix86+x86_64