CRAN Package Check Results for Package MCMCvis

Last updated on 2021-10-18 22:56:11 CEST.

Flavor Version Tinstall Tcheck Ttotal Status Flags
r-devel-linux-x86_64-debian-clang 0.15.3 6.34 64.17 70.51 OK
r-devel-linux-x86_64-debian-gcc 0.15.3 5.65 48.70 54.35 OK
r-devel-linux-x86_64-fedora-clang 0.15.3 94.38 NOTE
r-devel-linux-x86_64-fedora-gcc 0.15.3 87.38 NOTE
r-devel-windows-x86_64 0.15.3 11.00 91.00 102.00 OK
r-devel-windows-x86_64-gcc10-UCRT 0.15.3 NOTE
r-patched-linux-x86_64 0.15.3 6.94 59.95 66.89 OK
r-patched-solaris-x86 0.15.3 101.70 NOTE
r-release-linux-x86_64 0.15.3 5.50 60.49 65.99 OK
r-release-macos-arm64 0.15.3 NOTE
r-release-macos-x86_64 0.15.3 NOTE
r-release-windows-ix86+x86_64 0.15.3 17.00 85.00 102.00 OK
r-oldrel-macos-x86_64 0.15.3 NOTE
r-oldrel-windows-ix86+x86_64 0.15.3 13.00 80.00 93.00 OK

Check Details

Version: 0.15.3
Check: dependencies in R code
Result: NOTE
    Namespace in Imports field not imported from: ‘rlang’
     All declared Imports should be used.
Flavors: r-devel-linux-x86_64-fedora-clang, r-devel-linux-x86_64-fedora-gcc, r-devel-windows-x86_64-gcc10-UCRT, r-patched-solaris-x86, r-release-macos-arm64, r-release-macos-x86_64, r-oldrel-macos-x86_64