CRAN Package Check Results for Package MCSim

Last updated on 2024-06-13 04:52:30 CEST.

Flavor Version Tinstall Tcheck Ttotal Status Flags
r-devel-linux-x86_64-debian-clang 1.0 2.02 25.77 27.79 NOTE
r-devel-linux-x86_64-debian-gcc 1.0 1.79 20.28 22.07 NOTE
r-devel-linux-x86_64-fedora-clang 1.0 35.15 NOTE
r-devel-linux-x86_64-fedora-gcc 1.0 33.52 NOTE
r-devel-windows-x86_64 1.0 3.00 40.00 43.00 NOTE
r-patched-linux-x86_64 1.0 2.25 25.62 27.87 NOTE
r-release-linux-x86_64 1.0 1.99 25.30 27.29 NOTE
r-release-macos-arm64 1.0 16.00 NOTE
r-release-macos-x86_64 1.0 22.00 NOTE
r-release-windows-x86_64 1.0 4.00 40.00 44.00 NOTE
r-oldrel-macos-arm64 1.0 16.00 NOTE
r-oldrel-macos-x86_64 1.0 22.00 NOTE
r-oldrel-windows-x86_64 1.0 3.00 41.00 44.00 NOTE

Check Details

Version: 1.0
Check: LazyData
Result: NOTE 'LazyData' is specified without a 'data' directory Flavors: r-devel-linux-x86_64-debian-clang, r-devel-linux-x86_64-debian-gcc, r-devel-linux-x86_64-fedora-clang, r-devel-linux-x86_64-fedora-gcc, r-devel-windows-x86_64, r-patched-linux-x86_64, r-release-linux-x86_64, r-release-macos-arm64, r-release-macos-x86_64, r-release-windows-x86_64, r-oldrel-macos-arm64, r-oldrel-macos-x86_64, r-oldrel-windows-x86_64