CRAN Package Check Results for Package MCSim

Last updated on 2021-09-18 22:53:07 CEST.

Flavor Version Tinstall Tcheck Ttotal Status Flags
r-devel-linux-x86_64-debian-clang 1.0 1.86 24.87 26.73 NOTE
r-devel-linux-x86_64-debian-gcc 1.0 1.67 19.49 21.16 NOTE
r-devel-linux-x86_64-fedora-clang 1.0 42.25 NOTE
r-devel-linux-x86_64-fedora-gcc 1.0 31.03 NOTE
r-devel-windows-x86_64 1.0 6.00 32.00 38.00 NOTE
r-devel-windows-x86_64-gcc10-UCRT 1.0 NOTE
r-patched-linux-x86_64 1.0 2.18 24.05 26.23 NOTE
r-patched-solaris-x86 1.0 51.80 NOTE
r-release-linux-x86_64 1.0 2.23 24.06 26.29 NOTE
r-release-macos-arm64 1.0 NOTE
r-release-macos-x86_64 1.0 NOTE
r-release-windows-ix86+x86_64 1.0 6.00 39.00 45.00 NOTE
r-oldrel-macos-x86_64 1.0 OK
r-oldrel-windows-ix86+x86_64 1.0 6.00 30.00 36.00 OK

Check Details

Version: 1.0
Check: LazyData
Result: NOTE
     'LazyData' is specified without a 'data' directory
Flavors: r-devel-linux-x86_64-debian-clang, r-devel-linux-x86_64-debian-gcc, r-devel-linux-x86_64-fedora-clang, r-devel-linux-x86_64-fedora-gcc, r-devel-windows-x86_64, r-devel-windows-x86_64-gcc10-UCRT, r-patched-linux-x86_64, r-patched-solaris-x86, r-release-linux-x86_64, r-release-macos-arm64, r-release-macos-x86_64, r-release-windows-ix86+x86_64