CRAN Package Check Results for Package MEGENA

Last updated on 2021-09-26 07:50:13 CEST.

Flavor Version Tinstall Tcheck Ttotal Status Flags
r-devel-linux-x86_64-debian-clang 1.3.7 45.30 190.56 235.86 NOTE
r-devel-linux-x86_64-debian-gcc 1.3.7 31.37 141.23 172.60 NOTE
r-devel-linux-x86_64-fedora-clang 1.3.7 305.48 NOTE
r-devel-linux-x86_64-fedora-gcc 1.3.7 272.29 NOTE
r-devel-windows-x86_64 1.3.7 41.00 220.00 261.00 OK
r-devel-windows-x86_64-gcc10-UCRT 1.3.7 OK
r-patched-linux-x86_64 1.3.7 39.72 178.00 217.72 NOTE
r-patched-solaris-x86 1.3.7 513.30 NOTE
r-release-linux-x86_64 1.3.7 36.55 179.38 215.93 NOTE
r-release-macos-arm64 1.3.7 OK
r-release-macos-x86_64 1.3.7 OK
r-release-windows-ix86+x86_64 1.3.7 97.00 328.00 425.00 OK
r-oldrel-macos-x86_64 1.3.7 OK
r-oldrel-windows-ix86+x86_64 1.3.7 70.00 248.00 318.00 OK

Check Details

Version: 1.3.7
Check: for non-standard things in the check directory
Result: NOTE
    Found the following files/directories:
     'Data_Correlation.txt' 'correlation_FDR_table.txt'
Flavors: r-devel-linux-x86_64-debian-clang, r-devel-linux-x86_64-debian-gcc, r-devel-linux-x86_64-fedora-clang, r-devel-linux-x86_64-fedora-gcc, r-patched-linux-x86_64, r-patched-solaris-x86, r-release-linux-x86_64