CRAN Package Check Results for Package MLModelSelection

Last updated on 2021-09-22 01:48:54 CEST.

Flavor Version Tinstall Tcheck Ttotal Status Flags
r-devel-linux-x86_64-debian-clang 1.0 40.24 40.51 80.75 OK
r-devel-linux-x86_64-debian-gcc 1.0 28.83 34.53 63.36 OK
r-devel-linux-x86_64-fedora-clang 1.0 124.95 OK
r-devel-linux-x86_64-fedora-gcc 1.0 103.47 OK
r-devel-windows-x86_64 1.0 40.00 52.00 92.00 OK
r-devel-windows-x86_64-gcc10-UCRT 1.0 ERROR
r-patched-linux-x86_64 1.0 34.93 38.88 73.81 OK
r-patched-solaris-x86 1.0 114.20 OK
r-release-linux-x86_64 1.0 35.02 35.93 70.95 OK
r-release-macos-arm64 1.0 OK
r-release-macos-x86_64 1.0 OK
r-release-windows-ix86+x86_64 1.0 101.00 93.00 194.00 OK
r-oldrel-macos-x86_64 1.0 OK
r-oldrel-windows-ix86+x86_64 1.0 99.00 72.00 171.00 OK

Check Details

Version: 1.0
Check: whether package can be installed
Result: ERROR
    Installation failed.
Flavor: r-devel-windows-x86_64-gcc10-UCRT