CRAN Package Check Results for Package MMVBVS

Last updated on 2021-09-26 22:48:38 CEST.

Flavor Version Tinstall Tcheck Ttotal Status Flags
r-devel-linux-x86_64-debian-clang 0.8.0 45.72 54.40 100.12 NOTE
r-devel-linux-x86_64-debian-gcc 0.8.0 31.45 40.79 72.24 NOTE
r-devel-linux-x86_64-fedora-clang 0.8.0 140.09 NOTE
r-devel-linux-x86_64-fedora-gcc 0.8.0 122.52 NOTE
r-devel-windows-x86_64 0.8.0 45.00 61.00 106.00 NOTE
r-devel-windows-x86_64-gcc10-UCRT 0.8.0 NOTE
r-patched-linux-x86_64 0.8.0 38.65 50.23 88.88 NOTE
r-patched-solaris-x86 0.8.0 141.90 NOTE
r-release-linux-x86_64 0.8.0 38.68 49.85 88.53 NOTE
r-release-macos-arm64 0.8.0 NOTE
r-release-macos-x86_64 0.8.0 NOTE
r-release-windows-ix86+x86_64 0.8.0 106.00 108.00 214.00 NOTE
r-oldrel-macos-x86_64 0.8.0 OK
r-oldrel-windows-ix86+x86_64 0.8.0 74.00 89.00 163.00 OK

Check Details

Version: 0.8.0
Check: LazyData
Result: NOTE
     'LazyData' is specified without a 'data' directory
Flavors: r-devel-linux-x86_64-debian-clang, r-devel-linux-x86_64-debian-gcc, r-devel-linux-x86_64-fedora-clang, r-devel-linux-x86_64-fedora-gcc, r-devel-windows-x86_64, r-devel-windows-x86_64-gcc10-UCRT, r-patched-linux-x86_64, r-patched-solaris-x86, r-release-linux-x86_64, r-release-macos-arm64, r-release-macos-x86_64, r-release-windows-ix86+x86_64