CRAN Package Check Results for Package MPTinR

Last updated on 2021-09-17 22:57:04 CEST.

Flavor Version Tinstall Tcheck Ttotal Status Flags
r-devel-linux-x86_64-debian-clang 1.14.1 61.35 186.40 247.75 OK
r-devel-linux-x86_64-debian-gcc 1.14.1 42.55 143.51 186.06 OK
r-devel-linux-x86_64-fedora-clang 1.14.1 318.85 NOTE
r-devel-linux-x86_64-fedora-gcc 1.14.1 292.82 OK
r-devel-windows-x86_64 1.14.1 50.00 180.00 230.00 OK
r-devel-windows-x86_64-gcc10-UCRT 1.14.1 OK
r-patched-linux-x86_64 1.14.1 52.14 179.22 231.36 OK
r-patched-solaris-x86 1.14.1 333.70 OK
r-release-linux-x86_64 1.14.1 51.00 178.94 229.94 OK
r-release-macos-arm64 1.14.1 NOTE
r-release-macos-x86_64 1.14.1 NOTE
r-release-windows-ix86+x86_64 1.14.1 128.00 262.00 390.00 OK
r-oldrel-macos-x86_64 1.14.1 NOTE
r-oldrel-windows-ix86+x86_64 1.14.1 124.00 270.00 394.00 OK

Check Details

Version: 1.14.1
Check: installed package size
Result: NOTE
     installed size is 9.9Mb
     sub-directories of 1Mb or more:
     libs 8.6Mb
Flavors: r-devel-linux-x86_64-fedora-clang, r-release-macos-arm64, r-release-macos-x86_64, r-oldrel-macos-x86_64