CRAN Package Check Results for Package MPTmultiverse

Last updated on 2021-09-27 19:50:25 CEST.

Flavor Version Tinstall Tcheck Ttotal Status Flags
r-devel-linux-x86_64-debian-clang 0.4-2 6.05 74.60 80.65 NOTE
r-devel-linux-x86_64-debian-gcc 0.4-2 5.40 56.44 61.84 NOTE
r-devel-linux-x86_64-fedora-clang 0.4-2 105.20 NOTE
r-devel-linux-x86_64-fedora-gcc 0.4-2 91.94 NOTE
r-devel-windows-x86_64 0.4-2 8.00 96.00 104.00 NOTE
r-devel-windows-x86_64-gcc10-UCRT 0.4-2 NOTE
r-patched-linux-x86_64 0.4-2 7.23 70.66 77.89 NOTE
r-patched-solaris-x86 0.4-2 144.90 NOTE
r-release-linux-x86_64 0.4-2 5.76 69.67 75.43 NOTE
r-release-macos-arm64 0.4-2 NOTE
r-release-macos-x86_64 0.4-2 NOTE
r-release-windows-ix86+x86_64 0.4-2 13.00 121.00 134.00 NOTE
r-oldrel-macos-x86_64 0.4-2 OK
r-oldrel-windows-ix86+x86_64 0.4-2 11.00 88.00 99.00 OK

Check Details

Version: 0.4-2
Check: LazyData
Result: NOTE
     'LazyData' is specified without a 'data' directory
Flavors: r-devel-linux-x86_64-debian-clang, r-devel-linux-x86_64-debian-gcc, r-devel-linux-x86_64-fedora-clang, r-devel-linux-x86_64-fedora-gcc, r-devel-windows-x86_64, r-devel-windows-x86_64-gcc10-UCRT, r-patched-linux-x86_64, r-patched-solaris-x86, r-release-linux-x86_64, r-release-macos-arm64, r-release-macos-x86_64, r-release-windows-ix86+x86_64