CRAN Package Check Results for Package MRS

Last updated on 2021-09-22 01:48:55 CEST.

Flavor Version Tinstall Tcheck Ttotal Status Flags
r-devel-linux-x86_64-debian-clang 1.2.4 70.25 40.10 110.35 OK
r-devel-linux-x86_64-debian-gcc 1.2.4 43.77 30.56 74.33 OK
r-devel-linux-x86_64-fedora-clang 1.2.4 156.56 OK
r-devel-linux-x86_64-fedora-gcc 1.2.4 138.30 OK
r-devel-windows-x86_64 1.2.4 59.00 51.00 110.00 OK
r-devel-windows-x86_64-gcc10-UCRT 1.2.4 ERROR
r-patched-linux-x86_64 1.2.4 51.11 38.36 89.47 OK
r-patched-solaris-x86 1.2.4 135.20 OK
r-release-linux-x86_64 1.2.4 52.09 38.56 90.65 OK
r-release-macos-arm64 1.2.4 OK
r-release-macos-x86_64 1.2.4 OK
r-release-windows-ix86+x86_64 1.2.4 156.00 85.00 241.00 OK
r-oldrel-macos-x86_64 1.2.4 OK
r-oldrel-windows-ix86+x86_64 1.2.4 148.00 79.00 227.00 OK

Check Details

Version: 1.2.4
Check: whether package can be installed
Result: ERROR
    Installation failed.
Flavor: r-devel-windows-x86_64-gcc10-UCRT