CRAN Package Check Results for Package MSSQL

Last updated on 2024-07-15 16:56:27 CEST.

Flavor Version Tinstall Tcheck Ttotal Status Flags
r-devel-linux-x86_64-debian-clang 1.0.0 2.05 27.26 29.31 OK
r-devel-linux-x86_64-debian-gcc 1.0.0 1.66 21.20 22.86 OK
r-devel-linux-x86_64-fedora-clang 1.0.0 38.57 OK
r-devel-linux-x86_64-fedora-gcc 1.0.0 49.93 OK
r-devel-windows-x86_64 1.0.0 3.00 52.00 55.00 NOTE
r-patched-linux-x86_64 1.0.0 3.94 25.45 29.39 OK
r-release-linux-x86_64 1.0.0 1.77 26.55 28.32 OK
r-release-macos-arm64 1.0.0 21.00 OK
r-release-macos-x86_64 1.0.0 38.00 OK
r-release-windows-x86_64 1.0.0 4.00 51.00 55.00 OK
r-oldrel-macos-arm64 1.0.0 22.00 OK
r-oldrel-macos-x86_64 1.0.0 32.00 OK
r-oldrel-windows-x86_64 1.0.0 3.00 52.00 55.00 OK

Check Details

Version: 1.0.0
Check: Rd cross-references
Result: NOTE Found the following Rd file(s) with Rd \link{} targets missing package anchors: MSSQL-package.Rd: sqlTables, sqlColumns dbOverview.Rd: sqlTables, sqlColumns dbStorage.Rd: sqlQuery dbTime.Rd: sqlQuery tableHead.Rd: sqlQuery tableNcol.Rd: sqlColumns tableNrow.Rd: sqlQuery tableOverview.Rd: sqlColumns, sqlQuery tableQuote.Rd: sqlQuery Please provide package anchors for all Rd \link{} targets not in the package itself and the base packages. Flavor: r-devel-windows-x86_64