CRAN Package Check Results for Package MUACz

Last updated on 2024-02-22 04:04:57 CET.

Flavor Version Tinstall Tcheck Ttotal Status Flags
r-devel-linux-x86_64-debian-clang 2.1.0 NOTE
r-devel-linux-x86_64-debian-gcc 2.1.0 9.54 73.28 82.82 NOTE
r-devel-linux-x86_64-fedora-clang 2.1.0 129.96 NOTE
r-devel-linux-x86_64-fedora-gcc 2.1.0 134.32 NOTE
r-devel-windows-x86_64 2.1.0 11.00 84.00 95.00 NOTE
r-patched-linux-x86_64 2.1.0 12.99 96.03 109.02 NOTE
r-release-linux-x86_64 2.1.0 12.75 93.53 106.28 NOTE
r-release-macos-arm64 2.1.0 47.00 NOTE
r-release-macos-x86_64 2.1.0 61.00 NOTE
r-release-windows-x86_64 2.1.0 14.00 102.00 116.00 NOTE
r-oldrel-macos-arm64 2.1.0 41.00 NOTE
r-oldrel-windows-x86_64 2.1.0 14.00 103.00 117.00 NOTE

Check Details

Version: 2.1.0
Check: LazyData
Result: NOTE 'LazyData' is specified without a 'data' directory Flavors: r-devel-linux-x86_64-debian-clang, r-devel-linux-x86_64-debian-gcc, r-devel-linux-x86_64-fedora-clang, r-devel-linux-x86_64-fedora-gcc, r-devel-windows-x86_64, r-patched-linux-x86_64, r-release-linux-x86_64, r-release-macos-arm64, r-release-macos-x86_64, r-release-windows-x86_64, r-oldrel-macos-arm64, r-oldrel-windows-x86_64