CRAN Package Check Results for Package MakefileR

Last updated on 2024-07-13 10:48:50 CEST.

Flavor Version Tinstall Tcheck Ttotal Status Flags
r-devel-linux-x86_64-debian-clang 1.0 2.07 29.56 31.63 NOTE
r-devel-linux-x86_64-debian-gcc 1.0 1.70 22.49 24.19 NOTE
r-devel-linux-x86_64-fedora-clang 1.0 41.02 NOTE
r-devel-linux-x86_64-fedora-gcc 1.0 66.70 NOTE
r-devel-windows-x86_64 1.0 3.00 46.00 49.00 NOTE
r-patched-linux-x86_64 1.0 2.08 28.28 30.36 NOTE
r-release-linux-x86_64 1.0 1.94 27.48 29.42 NOTE
r-release-macos-arm64 1.0 25.00 NOTE
r-release-macos-x86_64 1.0 48.00 NOTE
r-release-windows-x86_64 1.0 3.00 44.00 47.00 NOTE
r-oldrel-macos-arm64 1.0 27.00 NOTE
r-oldrel-macos-x86_64 1.0 41.00 NOTE
r-oldrel-windows-x86_64 1.0 4.00 45.00 49.00 NOTE

Check Details

Version: 1.0
Check: LazyData
Result: NOTE 'LazyData' is specified without a 'data' directory Flavors: r-devel-linux-x86_64-debian-clang, r-devel-linux-x86_64-debian-gcc, r-devel-linux-x86_64-fedora-clang, r-devel-linux-x86_64-fedora-gcc, r-devel-windows-x86_64, r-patched-linux-x86_64, r-release-linux-x86_64, r-release-macos-arm64, r-release-macos-x86_64, r-release-windows-x86_64, r-oldrel-macos-arm64, r-oldrel-macos-x86_64, r-oldrel-windows-x86_64