CRAN Package Check Results for Package MatrixLDA

Last updated on 2021-09-22 04:55:03 CEST.

Flavor Version Tinstall Tcheck Ttotal Status Flags
r-devel-linux-x86_64-debian-clang 0.2 31.15 47.70 78.85 NOTE
r-devel-linux-x86_64-debian-gcc 0.2 23.38 37.21 60.59 NOTE
r-devel-linux-x86_64-fedora-clang 0.2 116.48 NOTE
r-devel-linux-x86_64-fedora-gcc 0.2 99.53 NOTE
r-devel-windows-x86_64 0.2 32.00 60.00 92.00 NOTE
r-devel-windows-x86_64-gcc10-UCRT 0.2 ERROR
r-patched-linux-x86_64 0.2 26.21 46.13 72.34 NOTE
r-patched-solaris-x86 0.2 113.80 NOTE
r-release-linux-x86_64 0.2 31.41 46.88 78.29 NOTE
r-release-macos-arm64 0.2 NOTE
r-release-macos-x86_64 0.2 NOTE
r-release-windows-ix86+x86_64 0.2 82.00 104.00 186.00 NOTE
r-oldrel-macos-x86_64 0.2 OK
r-oldrel-windows-ix86+x86_64 0.2 79.00 88.00 167.00 OK

Check Details

Version: 0.2
Check: LazyData
Result: NOTE
     'LazyData' is specified without a 'data' directory
Flavors: r-devel-linux-x86_64-debian-clang, r-devel-linux-x86_64-debian-gcc, r-devel-linux-x86_64-fedora-clang, r-devel-linux-x86_64-fedora-gcc, r-devel-windows-x86_64, r-patched-linux-x86_64, r-patched-solaris-x86, r-release-linux-x86_64, r-release-macos-arm64, r-release-macos-x86_64, r-release-windows-ix86+x86_64

Version: 0.2
Check: whether package can be installed
Result: ERROR
    Installation failed.
Flavor: r-devel-windows-x86_64-gcc10-UCRT