CRAN Package Check Results for Package MetaIntegrator

Last updated on 2021-09-25 19:50:08 CEST.

Flavor Version Tinstall Tcheck Ttotal Status Flags
r-devel-linux-x86_64-debian-clang 2.1.3 15.30 159.91 175.21 OK
r-devel-linux-x86_64-debian-gcc 2.1.3 13.06 114.05 127.11 OK
r-devel-linux-x86_64-fedora-clang 2.1.3 211.53 NOTE
r-devel-linux-x86_64-fedora-gcc 2.1.3 198.90 NOTE
r-devel-windows-x86_64 2.1.3 17.00 141.00 158.00 OK
r-devel-windows-x86_64-gcc10-UCRT 2.1.3 NOTE
r-patched-linux-x86_64 2.1.3 14.73 148.79 163.52 OK
r-patched-solaris-x86 2.1.3 245.60 NOTE
r-release-linux-x86_64 2.1.3 13.65 152.75 166.40 OK
r-release-macos-arm64 2.1.3 NOTE
r-release-macos-x86_64 2.1.3 ERROR
r-release-windows-ix86+x86_64 2.1.3 33.00 200.00 233.00 OK
r-oldrel-macos-x86_64 2.1.3 ERROR
r-oldrel-windows-ix86+x86_64 2.1.3 27.00 148.00 175.00 OK

Check Details

Version: 2.1.3
Check: package dependencies
Result: NOTE
    Imports includes 35 non-default packages.
    Importing from so many packages makes the package vulnerable to any of
    them becoming unavailable. Move as many as possible to Suggests and
    use conditionally.
Flavor: r-devel-linux-x86_64-fedora-clang

Version: 2.1.3
Check: dependencies in R code
Result: NOTE
    Namespaces in Imports field not imported from:
     ‘BiocManager’ ‘DT’ ‘GEOmetadb’ ‘RMySQL’ ‘RSQLite’ ‘gplots’ ‘pheatmap’
     ‘readr’
     All declared Imports should be used.
Flavors: r-devel-linux-x86_64-fedora-clang, r-devel-linux-x86_64-fedora-gcc, r-devel-windows-x86_64-gcc10-UCRT, r-patched-solaris-x86, r-release-macos-arm64

Version: 2.1.3
Check: package dependencies
Result: ERROR
    Package required but not available: ‘GEOmetadb’
    
    See section ‘The DESCRIPTION file’ in the ‘Writing R Extensions’
    manual.
Flavors: r-release-macos-x86_64, r-oldrel-macos-x86_64