CRAN Package Check Results for Package MetaUtility

Last updated on 2024-07-13 10:48:51 CEST.

Flavor Version Tinstall Tcheck Ttotal Status Flags
r-devel-linux-x86_64-debian-clang 2.1.2 13.40 114.76 128.16 OK
r-devel-linux-x86_64-debian-gcc 2.1.2 12.00 84.25 96.25 OK
r-devel-linux-x86_64-fedora-clang 2.1.2 163.49 NOTE
r-devel-linux-x86_64-fedora-gcc 2.1.2 165.82 NOTE
r-devel-windows-x86_64 2.1.2 14.00 93.00 107.00 OK
r-patched-linux-x86_64 2.1.2 15.65 108.33 123.98 OK
r-release-linux-x86_64 2.1.2 9.70 107.14 116.84 OK
r-release-macos-arm64 2.1.2 46.00 OK
r-release-macos-x86_64 2.1.2 67.00 OK
r-release-windows-x86_64 2.1.2 14.00 94.00 108.00 OK
r-oldrel-macos-arm64 2.1.2 47.00 OK
r-oldrel-macos-x86_64 2.1.2 76.00 OK
r-oldrel-windows-x86_64 2.1.2 20.00 115.00 135.00 OK

Check Details

Version: 2.1.2
Check: dependencies in R code
Result: NOTE Namespace in Imports field not imported from: ‘metadat’ All declared Imports should be used. Flavors: r-devel-linux-x86_64-fedora-clang, r-devel-linux-x86_64-fedora-gcc