CRAN Package Check Results for Package MetaheuristicFPA

Last updated on 2021-09-20 22:55:35 CEST.

Flavor Version Tinstall Tcheck Ttotal Status Flags
r-devel-linux-x86_64-debian-clang 1.0 31.07 25.84 56.91 OK
r-devel-linux-x86_64-debian-gcc 1.0 23.32 20.32 43.64 OK
r-devel-linux-x86_64-fedora-clang 1.0 88.53 NOTE
r-devel-linux-x86_64-fedora-gcc 1.0 72.91 NOTE
r-devel-windows-x86_64 1.0 33.00 38.00 71.00 OK
r-devel-windows-x86_64-gcc10-UCRT 1.0 ERROR
r-patched-linux-x86_64 1.0 27.91 25.06 52.97 OK
r-patched-solaris-x86 1.0 83.70 OK
r-release-linux-x86_64 1.0 26.42 25.21 51.63 OK
r-release-macos-arm64 1.0 OK
r-release-macos-x86_64 1.0 OK
r-release-windows-ix86+x86_64 1.0 76.00 77.00 153.00 OK
r-oldrel-macos-x86_64 1.0 OK
r-oldrel-windows-ix86+x86_64 1.0 74.00 55.00 129.00 OK

Check Details

Version: 1.0
Check: compiled code
Result: NOTE
    File ‘MetaheuristicFPA/libs/MetaheuristicFPA.so’:
     Found no calls to: ‘R_registerRoutines’, ‘R_useDynamicSymbols’
    
    It is good practice to register native routines and to disable symbol
    search.
    
    See ‘Writing portable packages’ in the ‘Writing R Extensions’ manual.
Flavors: r-devel-linux-x86_64-fedora-clang, r-devel-linux-x86_64-fedora-gcc

Version: 1.0
Check: whether package can be installed
Result: ERROR
    Installation failed.
Flavor: r-devel-windows-x86_64-gcc10-UCRT