CRAN Package Check Results for Package MicroDatosEs

Last updated on 2021-09-25 22:54:11 CEST.

Flavor Version Tinstall Tcheck Ttotal Status Flags
r-devel-linux-x86_64-debian-clang 0.8.2 3.53 35.52 39.05 NOTE
r-devel-linux-x86_64-debian-gcc 0.8.2 2.68 27.55 30.23 NOTE
r-devel-linux-x86_64-fedora-clang 0.8.2 55.47 NOTE
r-devel-linux-x86_64-fedora-gcc 0.8.2 44.45 NOTE
r-devel-windows-x86_64 0.8.2 5.00 40.00 45.00 NOTE
r-devel-windows-x86_64-gcc10-UCRT 0.8.2 NOTE
r-patched-linux-x86_64 0.8.2 3.77 34.29 38.06 NOTE
r-patched-solaris-x86 0.8.2 76.10 NOTE
r-release-linux-x86_64 0.8.2 2.32 34.44 36.76 NOTE
r-release-macos-arm64 0.8.2 NOTE
r-release-macos-x86_64 0.8.2 NOTE
r-release-windows-ix86+x86_64 0.8.2 7.00 56.00 63.00 NOTE
r-oldrel-macos-x86_64 0.8.2 OK
r-oldrel-windows-ix86+x86_64 0.8.2 6.00 49.00 55.00 OK

Check Details

Version: 0.8.2
Check: LazyData
Result: NOTE
     'LazyData' is specified without a 'data' directory
Flavors: r-devel-linux-x86_64-debian-clang, r-devel-linux-x86_64-debian-gcc, r-devel-linux-x86_64-fedora-clang, r-devel-linux-x86_64-fedora-gcc, r-devel-windows-x86_64, r-devel-windows-x86_64-gcc10-UCRT, r-patched-linux-x86_64, r-patched-solaris-x86, r-release-linux-x86_64, r-release-macos-arm64, r-release-macos-x86_64, r-release-windows-ix86+x86_64