CRAN Package Check Results for Package MoMPCA

Last updated on 2021-12-09 00:51:45 CET.

Flavor Version Tinstall Tcheck Ttotal Status Flags
r-devel-linux-x86_64-debian-clang 1.0.1 6.58 65.23 71.81 OK
r-devel-linux-x86_64-debian-gcc 1.0.1 4.77 50.71 55.48 OK
r-devel-linux-x86_64-fedora-clang 1.0.1 88.36 NOTE
r-devel-linux-x86_64-fedora-gcc 1.0.1 77.16 NOTE
r-devel-windows-x86_64-new-UL 1.0.1 15.00 295.00 310.00 OK
r-devel-windows-x86_64-new-TK 1.0.1 NOTE
r-devel-windows-x86_64-old 1.0.1 12.00 280.00 292.00 OK
r-patched-linux-x86_64 1.0.1 11.80 62.06 73.86 OK
r-release-linux-x86_64 1.0.1 6.10 63.67 69.77 OK
r-release-macos-arm64 1.0.1 NOTE
r-release-macos-x86_64 1.0.1 NOTE
r-release-windows-ix86+x86_64 1.0.1 12.00 269.00 281.00 OK
r-oldrel-macos-x86_64 1.0.1 NOTE
r-oldrel-windows-ix86+x86_64 1.0.1 15.00 362.00 377.00 OK

Check Details

Version: 1.0.1
Check: data for non-ASCII characters
Result: NOTE
     Note: found 16 marked UTF-8 strings
Flavors: r-devel-linux-x86_64-fedora-clang, r-devel-linux-x86_64-fedora-gcc, r-devel-windows-x86_64-new-TK, r-release-macos-arm64, r-release-macos-x86_64, r-oldrel-macos-x86_64