CRAN Package Check Results for Package MortalityLaws

Last updated on 2021-09-19 04:53:13 CEST.

Flavor Version Tinstall Tcheck Ttotal Status Flags
r-devel-linux-x86_64-debian-clang 1.8.5 8.67 141.29 149.96 OK
r-devel-linux-x86_64-debian-gcc 1.8.5 6.28 77.93 84.21 OK
r-devel-linux-x86_64-fedora-clang 1.8.5 175.95 OK
r-devel-linux-x86_64-fedora-gcc 1.8.5 178.14 OK
r-devel-windows-x86_64 1.8.5 10.00 156.00 166.00 OK
r-devel-windows-x86_64-gcc10-UCRT 1.8.5 ERROR
r-patched-linux-x86_64 1.8.5 13.10 134.25 147.35 OK
r-patched-solaris-x86 1.8.5 206.00 OK
r-release-linux-x86_64 1.8.5 7.27 131.15 138.42 OK
r-release-macos-arm64 1.8.5 OK
r-release-macos-x86_64 1.8.5 OK
r-release-windows-ix86+x86_64 1.8.5 17.00 208.00 225.00 OK
r-oldrel-macos-x86_64 1.8.5 OK
r-oldrel-windows-ix86+x86_64 1.8.5 17.00 204.00 221.00 OK

Check Details

Version: 1.8.5
Check: whether package can be installed
Result: WARN
    Found the following significant warnings:
     WARNING: installation-time patches will not be applied, could not get the patches index
Flavor: r-devel-windows-x86_64-gcc10-UCRT

Version: 1.8.5
Check: PDF version of manual
Result: WARN
    LaTeX errors when creating PDF version.
    This typically indicates Rd problems.
Flavor: r-devel-windows-x86_64-gcc10-UCRT

Version: 1.8.5
Check: PDF version of manual without hyperrefs or index
Result: ERROR
    Re-running with no redirection of stdout/stderr.
Flavor: r-devel-windows-x86_64-gcc10-UCRT