CRAN Package Check Results for Package MtreeRing

Last updated on 2021-10-21 16:49:50 CEST.

Flavor Version Tinstall Tcheck Ttotal Status Flags
r-devel-linux-x86_64-debian-clang 1.4.5 13.63 116.74 130.37 OK
r-devel-linux-x86_64-debian-gcc 1.4.5 10.97 90.59 101.56 OK
r-devel-linux-x86_64-fedora-clang 1.4.5 169.12 OK
r-devel-linux-x86_64-fedora-gcc 1.4.5 150.61 OK
r-devel-windows-x86_64 1.4.5 21.00 148.00 169.00 OK
r-devel-windows-x86_64-gcc10-UCRT 1.4.5 ERROR
r-patched-linux-x86_64 1.4.5 18.80 110.57 129.37 OK
r-patched-solaris-x86 1.4.5 263.00 OK
r-release-linux-x86_64 1.4.5 10.53 110.35 120.88 OK
r-release-macos-arm64 1.4.5 OK
r-release-macos-x86_64 1.4.5 OK
r-release-windows-ix86+x86_64 1.4.5 24.00 141.00 165.00 OK
r-oldrel-macos-x86_64 1.4.5 OK
r-oldrel-windows-ix86+x86_64 1.4.5 35.00 155.00 190.00 OK

Check Details

Version: 1.4.5
Check: package dependencies
Result: ERROR
    Package required but not available: 'imager'
    
    See section 'The DESCRIPTION file' in the 'Writing R Extensions'
    manual.
Flavor: r-devel-windows-x86_64-gcc10-UCRT