CRAN Package Check Results for Package MultiBD

Last updated on 2021-09-23 22:56:00 CEST.

Flavor Version Tinstall Tcheck Ttotal Status Flags
r-devel-linux-x86_64-debian-clang 0.2.0 110.56 146.57 257.13 OK
r-devel-linux-x86_64-debian-gcc 0.2.0 73.29 111.61 184.90 OK
r-devel-linux-x86_64-fedora-clang 0.2.0 343.38 NOTE
r-devel-linux-x86_64-fedora-gcc 0.2.0 328.91 NOTE
r-devel-windows-x86_64 0.2.0 115.00 127.00 242.00 OK
r-devel-windows-x86_64-gcc10-UCRT 0.2.0 OK
r-patched-linux-x86_64 0.2.0 85.81 159.37 245.18 OK
r-patched-solaris-x86 0.2.0 41.70 ERROR
r-release-linux-x86_64 0.2.0 86.07 158.31 244.38 OK
r-release-macos-arm64 0.2.0 NOTE
r-release-macos-x86_64 0.2.0 NOTE
r-release-windows-ix86+x86_64 0.2.0 271.00 179.00 450.00 OK
r-oldrel-macos-x86_64 0.2.0 NOTE
r-oldrel-windows-ix86+x86_64 0.2.0 236.00 142.00 378.00 OK

Check Details

Version: 0.2.0
Check: installed package size
Result: NOTE
     installed size is 5.2Mb
     sub-directories of 1Mb or more:
     libs 3.6Mb
Flavors: r-devel-linux-x86_64-fedora-clang, r-release-macos-arm64, r-release-macos-x86_64, r-oldrel-macos-x86_64

Version: 0.2.0
Check: compiled code
Result: NOTE
    File ‘MultiBD/libs/MultiBD.so’:
     Found no calls to: ‘R_registerRoutines’, ‘R_useDynamicSymbols’
    
    It is good practice to register native routines and to disable symbol
    search.
    
    See ‘Writing portable packages’ in the ‘Writing R Extensions’ manual.
Flavors: r-devel-linux-x86_64-fedora-clang, r-devel-linux-x86_64-fedora-gcc

Version: 0.2.0
Check: whether package can be installed
Result: ERROR
    Installation failed.
Flavor: r-patched-solaris-x86