CRAN Package Check Results for Package NFLSimulatoR

Last updated on 2021-10-18 22:56:12 CEST.

Flavor Version Tinstall Tcheck Ttotal Status Flags
r-devel-linux-x86_64-debian-clang 0.3.0 4.04 56.66 60.70 NOTE
r-devel-linux-x86_64-debian-gcc 0.3.0 2.31 48.36 50.67 NOTE
r-devel-linux-x86_64-fedora-clang 0.3.0 84.48 NOTE
r-devel-linux-x86_64-fedora-gcc 0.3.0 71.04 NOTE
r-devel-windows-x86_64 0.3.0 6.00 83.00 89.00 NOTE
r-devel-windows-x86_64-gcc10-UCRT 0.3.0 NOTE
r-patched-linux-x86_64 0.3.0 3.89 53.59 57.48 NOTE
r-patched-solaris-x86 0.3.0 118.30 NOTE
r-release-linux-x86_64 0.3.0 3.58 55.60 59.18 NOTE
r-release-macos-arm64 0.3.0 NOTE
r-release-macos-x86_64 0.3.0 NOTE
r-release-windows-ix86+x86_64 0.3.0 7.00 285.00 292.00 NOTE
r-oldrel-macos-x86_64 0.3.0 OK
r-oldrel-windows-ix86+x86_64 0.3.0 9.00 278.00 287.00 OK

Check Details

Version: 0.3.0
Check: LazyData
Result: NOTE
     'LazyData' is specified without a 'data' directory
Flavors: r-devel-linux-x86_64-debian-clang, r-devel-linux-x86_64-debian-gcc, r-devel-linux-x86_64-fedora-clang, r-devel-linux-x86_64-fedora-gcc, r-devel-windows-x86_64, r-devel-windows-x86_64-gcc10-UCRT, r-patched-linux-x86_64, r-patched-solaris-x86, r-release-linux-x86_64, r-release-macos-arm64, r-release-macos-x86_64, r-release-windows-ix86+x86_64