CRAN Package Check Results for Package NFP

Last updated on 2021-09-23 13:54:55 CEST.

Flavor Version Tinstall Tcheck Ttotal Status Flags
r-devel-linux-x86_64-debian-clang 0.99.4 71.64 225.05 296.69 NOTE
r-devel-linux-x86_64-debian-gcc 0.99.4 69.52 173.58 243.10 NOTE
r-devel-linux-x86_64-fedora-clang 0.99.4 396.13 NOTE
r-devel-linux-x86_64-fedora-gcc 0.99.4 381.39 NOTE
r-devel-windows-x86_64 0.99.4 78.00 212.00 290.00 NOTE
r-devel-windows-x86_64-gcc10-UCRT 0.99.4 ERROR
r-patched-linux-x86_64 0.99.4 70.28 212.33 282.61 NOTE
r-patched-solaris-x86 0.99.4 723.40 NOTE
r-release-linux-x86_64 0.99.4 63.97 213.52 277.49 NOTE
r-release-macos-arm64 0.99.4 NOTE
r-release-macos-x86_64 0.99.4 ERROR
r-release-windows-ix86+x86_64 0.99.4 117.00 264.00 381.00 NOTE
r-oldrel-macos-x86_64 0.99.4 ERROR
r-oldrel-windows-ix86+x86_64 0.99.4 89.00 194.00 283.00 NOTE

Check Details

Version: 0.99.4
Check: package dependencies
Result: NOTE
    Package suggested but not available for checking: 'NFPdata'
Flavors: r-devel-linux-x86_64-debian-clang, r-devel-linux-x86_64-debian-gcc, r-devel-linux-x86_64-fedora-clang, r-devel-linux-x86_64-fedora-gcc, r-devel-windows-x86_64, r-patched-linux-x86_64, r-patched-solaris-x86, r-release-linux-x86_64, r-release-macos-arm64, r-release-windows-ix86+x86_64, r-oldrel-windows-ix86+x86_64

Version: 0.99.4
Check: package dependencies
Result: ERROR
    Packages required but not available: 'igraph', 'KEGGgraph'
    
    Packages suggested but not available for checking: 'graphite', 'NFPdata'
    
    See section 'The DESCRIPTION file' in the 'Writing R Extensions'
    manual.
Flavor: r-devel-windows-x86_64-gcc10-UCRT

Version: 0.99.4
Check: package dependencies
Result: ERROR
    Package required but not available: ‘KEGGgraph’
    
    Package suggested but not available for checking: ‘NFPdata’
    
    See section ‘The DESCRIPTION file’ in the ‘Writing R Extensions’
    manual.
Flavors: r-release-macos-x86_64, r-oldrel-macos-x86_64