CRAN Package Check Results for Package NHMM

Last updated on 2021-09-28 01:49:31 CEST.

Flavor Version Tinstall Tcheck Ttotal Status Flags
r-devel-linux-x86_64-debian-clang 3.11 253.01 93.86 346.87 OK
r-devel-linux-x86_64-debian-gcc 3.11 149.93 72.28 222.21 OK
r-devel-linux-x86_64-fedora-clang 3.11 516.13 NOTE
r-devel-linux-x86_64-fedora-gcc 3.11 421.77 OK
r-devel-windows-x86_64 3.11 228.00 96.00 324.00 OK
r-devel-windows-x86_64-gcc10-UCRT 3.11 OK
r-patched-linux-x86_64 3.11 179.01 90.93 269.94 OK
r-patched-solaris-x86 3.11 410.40 OK
r-release-linux-x86_64 3.11 185.98 90.35 276.33 OK
r-release-macos-arm64 3.11 OK
r-release-macos-x86_64 3.11 OK
r-release-windows-ix86+x86_64 3.11 540.00 169.00 709.00 OK
r-oldrel-macos-x86_64 3.11 OK
r-oldrel-windows-ix86+x86_64 3.11 443.00 124.00 567.00 OK

Check Details

Version: 3.11
Check: installed package size
Result: NOTE
     installed size is 5.8Mb
     sub-directories of 1Mb or more:
     libs 4.8Mb
Flavor: r-devel-linux-x86_64-fedora-clang